{"id":2019,"date":"2021-04-16T14:51:13","date_gmt":"2021-04-16T14:51:13","guid":{"rendered":"https:\/\/xdoc.pt\/web\/?page_id=2019"},"modified":"2021-11-22T14:21:45","modified_gmt":"2021-11-22T14:21:45","slug":"xerox-workplace-suite","status":"publish","type":"page","link":"https:\/\/xdoc.pt\/web\/xerox-workplace-suite\/","title":{"rendered":"Xerox Workplace Suite"},"content":{"rendered":"<div class=\"xrx_sc_blurb\" style=\"text-align: left;\">\n<h3 style=\"color: #ff0000;\">Xerox\u00ae Workplace Suite<\/h3>\n<p style=\"text-align: justify;\">Xerox Workplace Suite <strong>oferece autentica\u00e7\u00e3o, gest\u00e3o de impress\u00e3o, controlo de custos, seguran\u00e7a de conte\u00fados e workflows em mobilidade<\/strong>. Foi concebida para instala\u00e7\u00e3o num servidor para implementa\u00e7\u00e3o local privada e segura. A abordagem modular flex\u00edvel permite-lhe licenciar as fun\u00e7\u00f5es que se adequam ao seu neg\u00f3cio, independentemente do n\u00famero de dispositivos que possui.<\/p>\n<\/div>\n<p><img loading=\"lazy\" decoding=\"async\" class=\"aligncenter wp-image-2589 size-medium\" style=\"display: table; margin: auto;\" src=\"https:\/\/xdoc.pt\/web\/wp-content\/uploads\/2021\/09\/office_solutions.jpg\" alt=\"\" width=\"300\" height=\"212\"><\/p>\n<div style=\"margin-top: 30px; text-align: justify;\"><strong style=\"font-size: 20px; color: #ff0000;\">Principais fun\u00e7\u00f5es \/ caracter\u00edsticas<\/strong><\/p>\n<p><strong style=\"font-size: 15px;\">Autentica\u00e7\u00e3o e controlo do acesso<\/strong><\/p>\n<ul>\n<li>As op\u00e7\u00f5es de autentica\u00e7\u00e3o s\u00e3o compat\u00ed\u00adveis com um vasto conjunto de <strong>leitores e cart\u00f5es standard<\/strong> de mercado.<\/li>\n<li>Escolha a autentica\u00e7\u00e3o <strong>por cart\u00e3o, sem cart\u00e3o ou atrav\u00e9s de dispositivo m\u00f3vel<\/strong>, usando a NFC, a aplica\u00e7\u00e3o Xerox\u00ae Print Portal e um c\u00f3digo QR para desbloquear os dispositivos.<\/li>\n<li>Aplique regras essenciais de impress\u00e3o para assumir o <strong>controlo dos custos<\/strong> e limitar o acesso aos dispositivos\/funcionalidades a n\u00edvel de utilizador\/grupo.<\/li>\n<li>Capacidade de registo \u00fanico (SSO) a qualquer aplica\u00e7\u00e3o compat\u00edvel com SSO na sua impressora, como aplica\u00e7\u00f5es de liga\u00e7\u00e3o<br \/>\ncloud e muito mais.<\/li>\n<li>Autentique de forma conveniente na impressora com o seu <strong>cart\u00e3o de identifica\u00e7\u00e3o, dispositivo m\u00f3vel ou credenciais<\/strong> e aceda com seguran\u00e7a a todas as suas aplica\u00e7\u00f5es de MFP compat\u00edveis com SSO sem ter de efetuar mais nenhum registo moroso.<\/li>\n<\/ul>\n<p><strong style=\"font-size: 15px;\">Seguran\u00e7a dos conte\u00fados<\/strong><\/p>\n<ul>\n<li>Contem uma funcionalidade de seguran\u00e7a de conte\u00fados o que protege a sua empresa <strong>contra perdas de dados ou de propriedade intelectual<\/strong>, pesquisando todos os documentos copiados, digitalizados ou impressos atrav\u00e9s de um MFP licenciado para palavras ou conjuntos de texto espec\u00edficos, definidos pelo utilizador (por exemplo: apenas utiliza\u00e7\u00e3o confidencial, interna, etc.).Se for identificada uma correspond\u00eancia, \u00e9 enviado um alerta, juntamente com os dados e o conte\u00fado do trabalho, para um administrador para fins de seguimento.<\/li>\n<\/ul>\n<p><strong style=\"font-size: 15px;\">Impress\u00e3o m\u00f3vel<\/strong><\/p>\n<ul>\n<li>Torne a impress\u00e3o a partir de dispositivos m\u00f3veis <strong>flex\u00edvel e f\u00e1cil<\/strong>.<\/li>\n<li>Envie trabalhos de impress\u00e3o a partir de dispositivos Windows OS, Google Chromebooks, Mac OS, Linux e impress\u00e3o de aplica\u00e7\u00f5es m\u00f3veis para tablets iOS, Android e Windows Surface.<\/li>\n<li>Com um workflow de impress\u00e3o pull\/follow tradicional, envie trabalhos para <strong>uma \u00fanica fila de espera<\/strong> para disponibiliza\u00e7\u00e3o e recupera\u00e7\u00e3o quando estiver pronto para recolher os documentos.<\/li>\n<\/ul>\n<p><strong style=\"font-size: 15px;\">Contabilidade, relat\u00f3rios e regras<\/strong><\/p>\n<ul>\n<li>Os administradores podem definir regras de <strong>controlo do acesso e impress\u00e3o<\/strong>, bem como monitorizar de perto a impress\u00e3o em toda a organiza\u00e7\u00e3o com capacidades consolidadas de contabilidade e relat\u00f3rios a n\u00edvel do parque de impressoras.<\/li>\n<li>A Xerox Workplace Suite pode ser integrada com <strong>Network Accounting<\/strong>.<\/li>\n<\/ul>\n<\/div>\n<div style=\"margin-top: 30px;\"><strong style=\"margin-top: 20px; font-size: 20px; color: #ff0000;\">Vantagens<\/strong><\/p>\n<ul>\n<li><strong>Sem necessidade de gerir controladores<\/strong> exclusivos para cada impressora na sua organiza\u00e7\u00e3o.<\/li>\n<li>Imprima para uma fila \u00fanica e liberte o seu trabalho a partir de <strong>qualquer impressora ligada na rede<\/strong>.<\/li>\n<li>Experi\u00eancia flu\u00edda em <strong>todos<\/strong> os dispositivos m\u00f3veis e telem\u00f3veis.<\/li>\n<li><strong>Pequena dimens\u00e3o<\/strong> com uma op\u00e7\u00e3o mais simples de servidor.<\/li>\n<li><strong>Reduza o tr\u00e1fego na rede<\/strong> extraindo o trabalho diretamente do software do PC do cliente, uma vez autenticado na impressora.<\/li>\n<li>O Xerox Workplace Suite, com licenciamento flex\u00ed\u00advel, \u00e9 <strong>f\u00e1cil de instalar e gerir<\/strong>.<\/li>\n<\/ul>\n<\/div>\n<div style=\"margin-top: 30px;\"><strong style=\"margin-top: 20px; font-size: 20px; color: #ff0000;\">Produtos Compat\u00edveis<\/strong><\/p>\n<p><a class=\"ck-twof__cta\" style=\"color: black !important;\" href=\"https:\/\/xdoc.pt\/web\/versalink-b405-2\/\" target=\"_blank\" rel=\"noopener\">VersaLink\u00ae B405 &gt; <\/a> <a class=\"ck-twof__cta\" style=\"color: black !important;\" href=\"https:\/\/xdoc.pt\/web\/versalink-b605-b615\/\" target=\"_blank\" rel=\"noopener\">VersaLink\u00ae B605\/B615 &gt; <\/a> <a class=\"ck-twof__cta\" style=\"color: black !important;\" href=\"https:\/\/xdoc.pt\/web\/versalink-c405-2\/\" target=\"_blank\" rel=\"noopener\">VersaLink\u00ae C405 &gt; <\/a> <a class=\"ck-twof__cta\" style=\"color: black !important;\" href=\"https:\/\/xdoc.pt\/web\/versalink-c505-2\/\" target=\"_blank\" rel=\"noopener\">VersaLink\u00ae C505 &gt; <\/a> <a class=\"ck-twof__cta\" style=\"color: black !important;\" href=\"https:\/\/xdoc.pt\/web\/versalink-c605-2\/\" target=\"_blank\" rel=\"noopener\">VersaLink\u00ae C605 &gt; <\/a> <a class=\"ck-twof__cta\" style=\"color: black !important;\" href=\"https:\/\/xdoc.pt\/web\/versalink-b400-2\/\" target=\"_blank\" rel=\"noopener\">VersaLink\u00ae B400 &gt; <\/a><br \/>\n<a class=\"ck-twof__cta\" style=\"color: black !important;\" href=\"https:\/\/xdoc.pt\/web\/versalink-b600-b610\/\" target=\"_blank\" rel=\"noopener\">VersaLink\u00ae B600\/B610 &gt; <\/a> <a class=\"ck-twof__cta\" style=\"color: black !important;\" href=\"https:\/\/xdoc.pt\/web\/versalink-c400-2\/\" target=\"_blank\" rel=\"noopener\">VersaLink\u00ae C400 &gt; <\/a> <a class=\"ck-twof__cta\" style=\"color: black !important;\" href=\"https:\/\/xdoc.pt\/web\/versalink-c500-2\/\" target=\"_blank\" rel=\"noopener\">VersaLink\u00ae C500 &gt; <\/a> <a class=\"ck-twof__cta\" style=\"color: black !important;\" href=\"https:\/\/xdoc.pt\/web\/versalink-c600-2\/\" target=\"_blank\" rel=\"noopener\">VersaLink\u00ae C600 &gt; <\/a> <a class=\"ck-twof__cta\" style=\"color: black !important;\" href=\"https:\/\/xdoc.pt\/web\/versalink-c7000-2\/\" target=\"_blank\" rel=\"noopener\">VersaLink\u00ae C7000 &gt; <\/a><\/p>\n<\/div>\n<div style=\"padding: 10px; background-color: #ed1c24; color: #fff; width: 100px;\"><strong><a style=\"text-decoration: none;\" href=\"https:\/\/www.office.xerox.com\/pt-pt\/software-solutions\/xerox-workplace-suite?_ga=2.75127313.201377497.1618418591-1671085846.1559570574\" target=\"_blank\" rel=\"noopener\">Saber mais &gt; <\/a><\/strong><\/div>\n<div style=\"margin-top: 5px; padding: 10px; background-color: #ed1c24; color: #fff; width: 200px;\"><strong><a style=\"text-decoration: none;\" href=\"https:\/\/xdoc.pt\/web\/wp-content\/uploads\/2021\/04\/Workplace-Solutions-Suite.pdf\" target=\"_blank\" rel=\"noopener\">Brochura Workplace Suite &gt; <\/a><\/strong><\/div>\n<div style=\"margin-top: 5px; padding: 10px; background-color: #ed1c24; color: #fff; width: 230px;\"><strong><a style=\"text-decoration: none;\" href=\"https:\/\/xdoc.pt\/web\/wp-content\/uploads\/2021\/04\/Workplace-Solutions.pdf\" target=\"_blank\" rel=\"noopener\">Brochura Workplace Solutions &gt; <\/a><\/strong><\/div>\n","protected":false},"excerpt":{"rendered":"<p>Xerox\u00ae Workplace Suite<br \/>\nXerox Workplace Suite oferece autentica\u00e7\u00e3o, gest\u00e3o de impress\u00e3o, controlo de custos, seguran\u00e7a de conte\u00fados e workflows em mobilidade. Foi concebida para instala\u00e7\u00e3o num servidor para implementa\u00e7\u00e3o local privada e segura. A abordagem modular flex\u00edvel permite-lhe licenciar as fun\u00e7\u00f5es que se adequam ao seu neg\u00f3cio, independentemente do n\u00famero de dispositivos que possui.<\/p>\n<p><img loading=\"lazy\" decoding=\"async\" class=\"aligncenter wp-image-2589 size-medium\" style=\"display: table; margin: auto;\" src=\"https:\/\/xdoc.pt\/web\/wp-content\/uploads\/2021\/09\/office_solutions.jpg\" alt=\"\" width=\"300\" height=\"212\"><br \/>\nPrincipais fun\u00e7\u00f5es \/ caracter\u00edsticas<br \/>\nAutentica\u00e7\u00e3o e controlo do acesso<\/p>\n<p>As op\u00e7\u00f5es de autentica\u00e7\u00e3o s\u00e3o compat\u00ed\u00adveis com um vasto conjunto de leitores e cart\u00f5es standard de mercado.<br \/>\nEscolha a autentica\u00e7\u00e3o por cart\u00e3o, sem cart\u00e3o ou atrav\u00e9s de dispositivo m\u00f3vel, usando a NFC, a aplica\u00e7\u00e3o Xerox\u00ae Print Portal e um c\u00f3digo QR para desbloquear os dispositivos.<br \/>\nAplique regras essenciais de impress\u00e3o [&#8230;]<\/p>\n","protected":false},"author":2,"featured_media":0,"parent":0,"menu_order":0,"comment_status":"closed","ping_status":"closed","template":"","meta":{"_monsterinsights_skip_tracking":false,"_monsterinsights_sitenote_active":false,"_monsterinsights_sitenote_note":"","_monsterinsights_sitenote_category":0,"footnotes":""},"class_list":["post-2019","page","type-page","status-publish","hentry"],"yoast_head":"<!-- This site is optimized with the Yoast SEO plugin v24.6 - https:\/\/yoast.com\/wordpress\/plugins\/seo\/ -->\n<title>Xerox Workplace Suite - XDOC - Equipamentos Escrit\u00f3rio, Lda<\/title>\n<meta name=\"description\" content=\"Xerox Workplace Suite oferece autentica\u00e7\u00e3o, gest\u00e3o de impress\u00e3o, controlo de custos, seguran\u00e7a de conte\u00fados e workflows em mobilidade.\" \/>\n<meta name=\"robots\" content=\"index, follow, max-snippet:-1, max-image-preview:large, max-video-preview:-1\" \/>\n<link rel=\"canonical\" href=\"https:\/\/xdoc.pt\/web\/xerox-workplace-suite\/\" \/>\n<meta property=\"og:locale\" content=\"pt_PT\" \/>\n<meta property=\"og:type\" content=\"article\" \/>\n<meta property=\"og:title\" content=\"Xerox Workplace Suite - XDOC - Equipamentos Escrit\u00f3rio, Lda\" \/>\n<meta property=\"og:description\" content=\"Xerox Workplace Suite oferece autentica\u00e7\u00e3o, gest\u00e3o de impress\u00e3o, controlo de custos, seguran\u00e7a de conte\u00fados e workflows em mobilidade.\" \/>\n<meta property=\"og:url\" content=\"https:\/\/xdoc.pt\/web\/xerox-workplace-suite\/\" \/>\n<meta property=\"og:site_name\" content=\"XDOC - Equipamentos Escrit\u00f3rio, Lda\" \/>\n<meta property=\"article:publisher\" content=\"https:\/\/www.facebook.com\/xdoc.pt\" \/>\n<meta property=\"article:modified_time\" content=\"2021-11-22T14:21:45+00:00\" \/>\n<meta property=\"og:image\" content=\"https:\/\/xdoc.pt\/web\/wp-content\/uploads\/2021\/09\/office_solutions.jpg\" \/>\n<meta name=\"twitter:card\" content=\"summary_large_image\" \/>\n<meta name=\"twitter:label1\" content=\"Tempo estimado de leitura\" \/>\n\t<meta name=\"twitter:data1\" content=\"3 minutos\" \/>\n<script type=\"application\/ld+json\" class=\"yoast-schema-graph\">{\"@context\":\"https:\/\/schema.org\",\"@graph\":[{\"@type\":\"WebPage\",\"@id\":\"https:\/\/xdoc.pt\/web\/xerox-workplace-suite\/\",\"url\":\"https:\/\/xdoc.pt\/web\/xerox-workplace-suite\/\",\"name\":\"Xerox Workplace Suite - XDOC - Equipamentos Escrit\u00f3rio, Lda\",\"isPartOf\":{\"@id\":\"https:\/\/xdoc.pt\/web\/#website\"},\"primaryImageOfPage\":{\"@id\":\"https:\/\/xdoc.pt\/web\/xerox-workplace-suite\/#primaryimage\"},\"image\":{\"@id\":\"https:\/\/xdoc.pt\/web\/xerox-workplace-suite\/#primaryimage\"},\"thumbnailUrl\":\"https:\/\/xdoc.pt\/web\/wp-content\/uploads\/2021\/09\/office_solutions.jpg\",\"datePublished\":\"2021-04-16T14:51:13+00:00\",\"dateModified\":\"2021-11-22T14:21:45+00:00\",\"description\":\"Xerox Workplace Suite oferece autentica\u00e7\u00e3o, gest\u00e3o de impress\u00e3o, controlo de custos, seguran\u00e7a de conte\u00fados e workflows em mobilidade.\",\"breadcrumb\":{\"@id\":\"https:\/\/xdoc.pt\/web\/xerox-workplace-suite\/#breadcrumb\"},\"inLanguage\":\"pt-PT\",\"potentialAction\":[{\"@type\":\"ReadAction\",\"target\":[\"https:\/\/xdoc.pt\/web\/xerox-workplace-suite\/\"]}]},{\"@type\":\"ImageObject\",\"inLanguage\":\"pt-PT\",\"@id\":\"https:\/\/xdoc.pt\/web\/xerox-workplace-suite\/#primaryimage\",\"url\":\"https:\/\/xdoc.pt\/web\/wp-content\/uploads\/2021\/09\/office_solutions.jpg\",\"contentUrl\":\"https:\/\/xdoc.pt\/web\/wp-content\/uploads\/2021\/09\/office_solutions.jpg\",\"width\":390,\"height\":200},{\"@type\":\"BreadcrumbList\",\"@id\":\"https:\/\/xdoc.pt\/web\/xerox-workplace-suite\/#breadcrumb\",\"itemListElement\":[{\"@type\":\"ListItem\",\"position\":1,\"name\":\"In\u00edcio\",\"item\":\"https:\/\/xdoc.pt\/web\/\"},{\"@type\":\"ListItem\",\"position\":2,\"name\":\"Xerox Workplace Suite\"}]},{\"@type\":\"WebSite\",\"@id\":\"https:\/\/xdoc.pt\/web\/#website\",\"url\":\"https:\/\/xdoc.pt\/web\/\",\"name\":\"XDOC - Equipamentos Escrit\u00f3rio, Lda\",\"description\":\"Concession\u00e1rio Xerox, especializado em impress\u00e3o digital para empresas de \u00e1rea gr\u00e1fica desde a mais pequena impressora de mesa at\u00e9 \u00e0 produ\u00e7\u00e3o de grandes volumes em equipamentos vocacionados para produ\u00e7\u00e3o com e sem acabamento.\",\"potentialAction\":[{\"@type\":\"SearchAction\",\"target\":{\"@type\":\"EntryPoint\",\"urlTemplate\":\"https:\/\/xdoc.pt\/web\/?s={search_term_string}\"},\"query-input\":{\"@type\":\"PropertyValueSpecification\",\"valueRequired\":true,\"valueName\":\"search_term_string\"}}],\"inLanguage\":\"pt-PT\"}]}<\/script>\n<!-- \/ Yoast SEO plugin. -->","yoast_head_json":{"title":"Xerox Workplace Suite - XDOC - Equipamentos Escrit\u00f3rio, Lda","description":"Xerox Workplace Suite oferece autentica\u00e7\u00e3o, gest\u00e3o de impress\u00e3o, controlo de custos, seguran\u00e7a de conte\u00fados e workflows em mobilidade.","robots":{"index":"index","follow":"follow","max-snippet":"max-snippet:-1","max-image-preview":"max-image-preview:large","max-video-preview":"max-video-preview:-1"},"canonical":"https:\/\/xdoc.pt\/web\/xerox-workplace-suite\/","og_locale":"pt_PT","og_type":"article","og_title":"Xerox Workplace Suite - XDOC - Equipamentos Escrit\u00f3rio, Lda","og_description":"Xerox Workplace Suite oferece autentica\u00e7\u00e3o, gest\u00e3o de impress\u00e3o, controlo de custos, seguran\u00e7a de conte\u00fados e workflows em mobilidade.","og_url":"https:\/\/xdoc.pt\/web\/xerox-workplace-suite\/","og_site_name":"XDOC - Equipamentos Escrit\u00f3rio, Lda","article_publisher":"https:\/\/www.facebook.com\/xdoc.pt","article_modified_time":"2021-11-22T14:21:45+00:00","og_image":[{"url":"https:\/\/xdoc.pt\/web\/wp-content\/uploads\/2021\/09\/office_solutions.jpg","type":"","width":"","height":""}],"twitter_card":"summary_large_image","twitter_misc":{"Tempo estimado de leitura":"3 minutos"},"schema":{"@context":"https:\/\/schema.org","@graph":[{"@type":"WebPage","@id":"https:\/\/xdoc.pt\/web\/xerox-workplace-suite\/","url":"https:\/\/xdoc.pt\/web\/xerox-workplace-suite\/","name":"Xerox Workplace Suite - XDOC - Equipamentos Escrit\u00f3rio, Lda","isPartOf":{"@id":"https:\/\/xdoc.pt\/web\/#website"},"primaryImageOfPage":{"@id":"https:\/\/xdoc.pt\/web\/xerox-workplace-suite\/#primaryimage"},"image":{"@id":"https:\/\/xdoc.pt\/web\/xerox-workplace-suite\/#primaryimage"},"thumbnailUrl":"https:\/\/xdoc.pt\/web\/wp-content\/uploads\/2021\/09\/office_solutions.jpg","datePublished":"2021-04-16T14:51:13+00:00","dateModified":"2021-11-22T14:21:45+00:00","description":"Xerox Workplace Suite oferece autentica\u00e7\u00e3o, gest\u00e3o de impress\u00e3o, controlo de custos, seguran\u00e7a de conte\u00fados e workflows em mobilidade.","breadcrumb":{"@id":"https:\/\/xdoc.pt\/web\/xerox-workplace-suite\/#breadcrumb"},"inLanguage":"pt-PT","potentialAction":[{"@type":"ReadAction","target":["https:\/\/xdoc.pt\/web\/xerox-workplace-suite\/"]}]},{"@type":"ImageObject","inLanguage":"pt-PT","@id":"https:\/\/xdoc.pt\/web\/xerox-workplace-suite\/#primaryimage","url":"https:\/\/xdoc.pt\/web\/wp-content\/uploads\/2021\/09\/office_solutions.jpg","contentUrl":"https:\/\/xdoc.pt\/web\/wp-content\/uploads\/2021\/09\/office_solutions.jpg","width":390,"height":200},{"@type":"BreadcrumbList","@id":"https:\/\/xdoc.pt\/web\/xerox-workplace-suite\/#breadcrumb","itemListElement":[{"@type":"ListItem","position":1,"name":"In\u00edcio","item":"https:\/\/xdoc.pt\/web\/"},{"@type":"ListItem","position":2,"name":"Xerox Workplace Suite"}]},{"@type":"WebSite","@id":"https:\/\/xdoc.pt\/web\/#website","url":"https:\/\/xdoc.pt\/web\/","name":"XDOC - Equipamentos Escrit\u00f3rio, Lda","description":"Concession\u00e1rio Xerox, especializado em impress\u00e3o digital para empresas de \u00e1rea gr\u00e1fica desde a mais pequena impressora de mesa at\u00e9 \u00e0 produ\u00e7\u00e3o de grandes volumes em equipamentos vocacionados para produ\u00e7\u00e3o com e sem acabamento.","potentialAction":[{"@type":"SearchAction","target":{"@type":"EntryPoint","urlTemplate":"https:\/\/xdoc.pt\/web\/?s={search_term_string}"},"query-input":{"@type":"PropertyValueSpecification","valueRequired":true,"valueName":"search_term_string"}}],"inLanguage":"pt-PT"}]}},"_links":{"self":[{"href":"https:\/\/xdoc.pt\/web\/wp-json\/wp\/v2\/pages\/2019","targetHints":{"allow":["GET"]}}],"collection":[{"href":"https:\/\/xdoc.pt\/web\/wp-json\/wp\/v2\/pages"}],"about":[{"href":"https:\/\/xdoc.pt\/web\/wp-json\/wp\/v2\/types\/page"}],"author":[{"embeddable":true,"href":"https:\/\/xdoc.pt\/web\/wp-json\/wp\/v2\/users\/2"}],"replies":[{"embeddable":true,"href":"https:\/\/xdoc.pt\/web\/wp-json\/wp\/v2\/comments?post=2019"}],"version-history":[{"count":42,"href":"https:\/\/xdoc.pt\/web\/wp-json\/wp\/v2\/pages\/2019\/revisions"}],"predecessor-version":[{"id":2615,"href":"https:\/\/xdoc.pt\/web\/wp-json\/wp\/v2\/pages\/2019\/revisions\/2615"}],"wp:attachment":[{"href":"https:\/\/xdoc.pt\/web\/wp-json\/wp\/v2\/media?parent=2019"}],"curies":[{"name":"wp","href":"https:\/\/api.w.org\/{rel}","templated":true}]}}