{"id":1715,"date":"2018-05-18T16:39:39","date_gmt":"2018-05-18T16:39:39","guid":{"rendered":"https:\/\/xdoc.pt\/web\/?page_id=1715"},"modified":"2021-11-22T15:09:58","modified_gmt":"2021-11-22T15:09:58","slug":"apps","status":"publish","type":"page","link":"https:\/\/xdoc.pt\/web\/apps\/","title":{"rendered":"APPS"},"content":{"rendered":"<h3 style=\"margin-top: 30px;color:#ff0000;\">Aplica\u00e7\u00f5es Xdoc ConnectKey<\/h3>\n<div class=\"xrx_sc_blurb\" style=\"text-align: left;font-size: 15px;\"><strong>Consiga uma experi\u00eancia verdadeiramente personalizada e \u00e0 sua medida com as nossas apps.<\/strong><\/div>\n<div><\/div>\n<div class=\"xrx_sc_blurb\" style=\"text-align: justify; margin-top: 20px;\">A utiliza\u00e7\u00e3o de apps no seu tablet ou smartphone simplifica a sua vida. Seja para conferir a previs\u00e3o do tempo, efetuar reservas ou fazer compras na sua loja favorita, as aplica\u00e7\u00f5es facilitam a entrada, a sa\u00ed\u00adda e a realiza\u00e7\u00e3o das tarefas. O mesmo se aplica \u00e0 sua impressora ou impressora multifuncional (MFP).<\/div>\n<div><\/div>\n<div class=\"xrx_sc_blurb\" style=\"text-align: justify; margin-top: 20px;\">Transfira aplica\u00e7\u00f5es para uma impressora ou MFP com ConnectKey e simplifique a sua vida. Quer necessite de digitalizar para um reposit\u00f3rio baseado na cloud ou traduzir e imprimir documentos apenas com um clique, ConnectKey tem uma aplica\u00e7\u00e3o para isso. Transfira a partir da nossa Galeria de Aplica\u00e7\u00f5es ou diretamente atrav\u00e9s do ecr\u00e3 t\u00e1til do seu dispositivo. Ou pode trabalhar com a Xerox ou com os nossos parceiros para adaptar aplica\u00e7\u00f5es \u00e0s suas necessidades espec\u00ed\u00adficas.<\/div>\n<p>&nbsp;<br \/>\n<div  class=\"lgc-column lgc-grid-parent lgc-grid-50 lgc-tablet-grid-50 lgc-mobile-grid-100 lgc-equal-heights \"><div  class=\"inside-grid-column\">\n<p><img loading=\"lazy\" decoding=\"async\" class=\"aligncenter wp-image-1718 size-full\" style=\"display: table; margin: auto;\" src=\"https:\/\/xdoc.pt\/web\/wp-content\/uploads\/2018\/05\/tools-1.png\" alt=\"\" width=\"1019\" height=\"639\" srcset=\"https:\/\/xdoc.pt\/web\/wp-content\/uploads\/2018\/05\/tools-1.png 1019w, https:\/\/xdoc.pt\/web\/wp-content\/uploads\/2018\/05\/tools-1-300x188.png 300w, https:\/\/xdoc.pt\/web\/wp-content\/uploads\/2018\/05\/tools-1-768x482.png 768w\" sizes=\"auto, (max-width: 1019px) 100vw, 1019px\" \/><\/p>\n<p style=\"text-align: left;\"><\/p><\/div><\/div>\n<div  class=\"lgc-column lgc-grid-parent lgc-grid-50 lgc-tablet-grid-50 lgc-mobile-grid-100 lgc-equal-heights \"><div  class=\"inside-grid-column\">\n<p><img loading=\"lazy\" decoding=\"async\" class=\"aligncenter wp-image-1719 size-full\" style=\"display: table; margin: auto;\" src=\"https:\/\/xdoc.pt\/web\/wp-content\/uploads\/2018\/05\/tools-2.png\" alt=\"\" width=\"1015\" height=\"637\" srcset=\"https:\/\/xdoc.pt\/web\/wp-content\/uploads\/2018\/05\/tools-2.png 1015w, https:\/\/xdoc.pt\/web\/wp-content\/uploads\/2018\/05\/tools-2-300x188.png 300w, https:\/\/xdoc.pt\/web\/wp-content\/uploads\/2018\/05\/tools-2-768x482.png 768w\" sizes=\"auto, (max-width: 1015px) 100vw, 1015px\" \/><\/p>\n<\/div><\/div>\n<div  class=\"lgc-column lgc-grid-parent lgc-grid-50 lgc-tablet-grid-50 lgc-mobile-grid-100 lgc-equal-heights \"><div  class=\"inside-grid-column\">\n<p><img loading=\"lazy\" decoding=\"async\" class=\"aligncenter wp-image-1720 size-full\" style=\"display: table; margin: auto;\" src=\"https:\/\/xdoc.pt\/web\/wp-content\/uploads\/2018\/05\/weather-1.png\" alt=\"\" width=\"1017\" height=\"636\" srcset=\"https:\/\/xdoc.pt\/web\/wp-content\/uploads\/2018\/05\/weather-1.png 1017w, https:\/\/xdoc.pt\/web\/wp-content\/uploads\/2018\/05\/weather-1-300x188.png 300w, https:\/\/xdoc.pt\/web\/wp-content\/uploads\/2018\/05\/weather-1-768x480.png 768w\" sizes=\"auto, (max-width: 1017px) 100vw, 1017px\" \/><\/p>\n<\/div><\/div>\n<div  class=\"lgc-column lgc-grid-parent lgc-grid-50 lgc-tablet-grid-50 lgc-mobile-grid-100 lgc-equal-heights \"><div  class=\"inside-grid-column\">\n<p><img loading=\"lazy\" decoding=\"async\" class=\"aligncenter wp-image-1717 size-full\" style=\"display: table; margin: auto;\" src=\"https:\/\/xdoc.pt\/web\/wp-content\/uploads\/2018\/05\/info-1.png\" alt=\"\" width=\"1010\" height=\"638\" srcset=\"https:\/\/xdoc.pt\/web\/wp-content\/uploads\/2018\/05\/info-1.png 1010w, https:\/\/xdoc.pt\/web\/wp-content\/uploads\/2018\/05\/info-1-300x190.png 300w, https:\/\/xdoc.pt\/web\/wp-content\/uploads\/2018\/05\/info-1-768x485.png 768w\" sizes=\"auto, (max-width: 1010px) 100vw, 1010px\" \/><\/p>\n<\/div><\/div>\n<p>&nbsp;<\/p>\n<div><strong>Al\u00e9m das apps connectKey xdoc j\u00e1 desenvolvidas podemos ajuda-lo a desenvolver o que necessita \u00e0 sua medida de forma a adaptar na perfei\u00e7\u00e3o ao seu m\u00e9todo de trabalho.<\/strong><\/div>\n<p>&nbsp;<\/p>\n<div style=\"padding:10px;background-color:#ed1c24;color:#fff;width:100px;\"><strong><a style=\"text-decoration:none;\" href=\"https:\/\/xdoc.pt\/web\/contactos\/\" target=\"_blank\" rel=\"noopener\">Saber mais &gt; <\/a><\/strong><\/div>\n","protected":false},"excerpt":{"rendered":"<p>Aplica\u00e7\u00f5es Xdoc ConnectKey<br \/>\nConsiga uma experi\u00eancia verdadeiramente personalizada e \u00e0 sua medida com as nossas apps.<\/p>\n<p>A utiliza\u00e7\u00e3o de apps no seu tablet ou smartphone simplifica a sua vida. Seja para conferir a previs\u00e3o do tempo, efetuar reservas ou fazer compras na sua loja favorita, as aplica\u00e7\u00f5es facilitam a entrada, a sa\u00ed\u00adda e a realiza\u00e7\u00e3o das tarefas. O mesmo se aplica \u00e0 sua impressora ou impressora multifuncional (MFP).<\/p>\n<p>Transfira aplica\u00e7\u00f5es para uma impressora ou MFP com ConnectKey e simplifique a sua vida. Quer necessite de digitalizar para um reposit\u00f3rio baseado na cloud ou traduzir e imprimir documentos apenas com um clique, ConnectKey tem uma aplica\u00e7\u00e3o para isso. Transfira a partir da nossa Galeria de Aplica\u00e7\u00f5es ou diretamente atrav\u00e9s do ecr\u00e3 t\u00e1til do seu [&#8230;]<\/p>\n","protected":false},"author":2,"featured_media":0,"parent":0,"menu_order":0,"comment_status":"closed","ping_status":"closed","template":"","meta":{"_monsterinsights_skip_tracking":false,"_monsterinsights_sitenote_active":false,"_monsterinsights_sitenote_note":"","_monsterinsights_sitenote_category":0,"footnotes":""},"class_list":["post-1715","page","type-page","status-publish","hentry"],"yoast_head":"<!-- This site is optimized with the Yoast SEO plugin v24.6 - https:\/\/yoast.com\/wordpress\/plugins\/seo\/ -->\n<title>APPS - XDOC - Equipamentos Escrit\u00f3rio, Lda<\/title>\n<meta name=\"description\" content=\"Consiga uma experi\u00eancia personalizada e \u00e0 sua medida com as nossas apps connectKey xdoc . Podemos ajuda-lo a desenvolver o que necessita.\" \/>\n<meta name=\"robots\" content=\"index, follow, max-snippet:-1, max-image-preview:large, max-video-preview:-1\" \/>\n<link rel=\"canonical\" href=\"https:\/\/xdoc.pt\/web\/apps\/\" \/>\n<meta property=\"og:locale\" content=\"pt_PT\" \/>\n<meta property=\"og:type\" content=\"article\" \/>\n<meta property=\"og:title\" content=\"APPS - XDOC - Equipamentos Escrit\u00f3rio, Lda\" \/>\n<meta property=\"og:description\" content=\"Consiga uma experi\u00eancia personalizada e \u00e0 sua medida com as nossas apps connectKey xdoc . Podemos ajuda-lo a desenvolver o que necessita.\" \/>\n<meta property=\"og:url\" content=\"https:\/\/xdoc.pt\/web\/apps\/\" \/>\n<meta property=\"og:site_name\" content=\"XDOC - Equipamentos Escrit\u00f3rio, Lda\" \/>\n<meta property=\"article:publisher\" content=\"https:\/\/www.facebook.com\/xdoc.pt\" \/>\n<meta property=\"article:modified_time\" content=\"2021-11-22T15:09:58+00:00\" \/>\n<meta property=\"og:image\" content=\"https:\/\/xdoc.pt\/web\/wp-content\/uploads\/2018\/05\/tools-1.png\" \/>\n<meta name=\"twitter:card\" content=\"summary_large_image\" \/>\n<meta name=\"twitter:label1\" content=\"Tempo estimado de leitura\" \/>\n\t<meta name=\"twitter:data1\" content=\"2 minutos\" \/>\n<script type=\"application\/ld+json\" class=\"yoast-schema-graph\">{\"@context\":\"https:\/\/schema.org\",\"@graph\":[{\"@type\":\"WebPage\",\"@id\":\"https:\/\/xdoc.pt\/web\/apps\/\",\"url\":\"https:\/\/xdoc.pt\/web\/apps\/\",\"name\":\"APPS - XDOC - Equipamentos Escrit\u00f3rio, Lda\",\"isPartOf\":{\"@id\":\"https:\/\/xdoc.pt\/web\/#website\"},\"primaryImageOfPage\":{\"@id\":\"https:\/\/xdoc.pt\/web\/apps\/#primaryimage\"},\"image\":{\"@id\":\"https:\/\/xdoc.pt\/web\/apps\/#primaryimage\"},\"thumbnailUrl\":\"https:\/\/xdoc.pt\/web\/wp-content\/uploads\/2018\/05\/tools-1.png\",\"datePublished\":\"2018-05-18T16:39:39+00:00\",\"dateModified\":\"2021-11-22T15:09:58+00:00\",\"description\":\"Consiga uma experi\u00eancia personalizada e \u00e0 sua medida com as nossas apps connectKey xdoc . Podemos ajuda-lo a desenvolver o que necessita.\",\"breadcrumb\":{\"@id\":\"https:\/\/xdoc.pt\/web\/apps\/#breadcrumb\"},\"inLanguage\":\"pt-PT\",\"potentialAction\":[{\"@type\":\"ReadAction\",\"target\":[\"https:\/\/xdoc.pt\/web\/apps\/\"]}]},{\"@type\":\"ImageObject\",\"inLanguage\":\"pt-PT\",\"@id\":\"https:\/\/xdoc.pt\/web\/apps\/#primaryimage\",\"url\":\"https:\/\/xdoc.pt\/web\/wp-content\/uploads\/2018\/05\/tools-1.png\",\"contentUrl\":\"https:\/\/xdoc.pt\/web\/wp-content\/uploads\/2018\/05\/tools-1.png\",\"width\":1019,\"height\":639,\"caption\":\"apps xdoc connectKey\"},{\"@type\":\"BreadcrumbList\",\"@id\":\"https:\/\/xdoc.pt\/web\/apps\/#breadcrumb\",\"itemListElement\":[{\"@type\":\"ListItem\",\"position\":1,\"name\":\"In\u00edcio\",\"item\":\"https:\/\/xdoc.pt\/web\/\"},{\"@type\":\"ListItem\",\"position\":2,\"name\":\"APPS\"}]},{\"@type\":\"WebSite\",\"@id\":\"https:\/\/xdoc.pt\/web\/#website\",\"url\":\"https:\/\/xdoc.pt\/web\/\",\"name\":\"XDOC - Equipamentos Escrit\u00f3rio, Lda\",\"description\":\"Concession\u00e1rio Xerox, especializado em impress\u00e3o digital para empresas de \u00e1rea gr\u00e1fica desde a mais pequena impressora de mesa at\u00e9 \u00e0 produ\u00e7\u00e3o de grandes volumes em equipamentos vocacionados para produ\u00e7\u00e3o com e sem acabamento.\",\"potentialAction\":[{\"@type\":\"SearchAction\",\"target\":{\"@type\":\"EntryPoint\",\"urlTemplate\":\"https:\/\/xdoc.pt\/web\/?s={search_term_string}\"},\"query-input\":{\"@type\":\"PropertyValueSpecification\",\"valueRequired\":true,\"valueName\":\"search_term_string\"}}],\"inLanguage\":\"pt-PT\"}]}<\/script>\n<!-- \/ Yoast SEO plugin. -->","yoast_head_json":{"title":"APPS - XDOC - Equipamentos Escrit\u00f3rio, Lda","description":"Consiga uma experi\u00eancia personalizada e \u00e0 sua medida com as nossas apps connectKey xdoc . Podemos ajuda-lo a desenvolver o que necessita.","robots":{"index":"index","follow":"follow","max-snippet":"max-snippet:-1","max-image-preview":"max-image-preview:large","max-video-preview":"max-video-preview:-1"},"canonical":"https:\/\/xdoc.pt\/web\/apps\/","og_locale":"pt_PT","og_type":"article","og_title":"APPS - XDOC - Equipamentos Escrit\u00f3rio, Lda","og_description":"Consiga uma experi\u00eancia personalizada e \u00e0 sua medida com as nossas apps connectKey xdoc . Podemos ajuda-lo a desenvolver o que necessita.","og_url":"https:\/\/xdoc.pt\/web\/apps\/","og_site_name":"XDOC - Equipamentos Escrit\u00f3rio, Lda","article_publisher":"https:\/\/www.facebook.com\/xdoc.pt","article_modified_time":"2021-11-22T15:09:58+00:00","og_image":[{"url":"https:\/\/xdoc.pt\/web\/wp-content\/uploads\/2018\/05\/tools-1.png","type":"","width":"","height":""}],"twitter_card":"summary_large_image","twitter_misc":{"Tempo estimado de leitura":"2 minutos"},"schema":{"@context":"https:\/\/schema.org","@graph":[{"@type":"WebPage","@id":"https:\/\/xdoc.pt\/web\/apps\/","url":"https:\/\/xdoc.pt\/web\/apps\/","name":"APPS - XDOC - Equipamentos Escrit\u00f3rio, Lda","isPartOf":{"@id":"https:\/\/xdoc.pt\/web\/#website"},"primaryImageOfPage":{"@id":"https:\/\/xdoc.pt\/web\/apps\/#primaryimage"},"image":{"@id":"https:\/\/xdoc.pt\/web\/apps\/#primaryimage"},"thumbnailUrl":"https:\/\/xdoc.pt\/web\/wp-content\/uploads\/2018\/05\/tools-1.png","datePublished":"2018-05-18T16:39:39+00:00","dateModified":"2021-11-22T15:09:58+00:00","description":"Consiga uma experi\u00eancia personalizada e \u00e0 sua medida com as nossas apps connectKey xdoc . Podemos ajuda-lo a desenvolver o que necessita.","breadcrumb":{"@id":"https:\/\/xdoc.pt\/web\/apps\/#breadcrumb"},"inLanguage":"pt-PT","potentialAction":[{"@type":"ReadAction","target":["https:\/\/xdoc.pt\/web\/apps\/"]}]},{"@type":"ImageObject","inLanguage":"pt-PT","@id":"https:\/\/xdoc.pt\/web\/apps\/#primaryimage","url":"https:\/\/xdoc.pt\/web\/wp-content\/uploads\/2018\/05\/tools-1.png","contentUrl":"https:\/\/xdoc.pt\/web\/wp-content\/uploads\/2018\/05\/tools-1.png","width":1019,"height":639,"caption":"apps xdoc connectKey"},{"@type":"BreadcrumbList","@id":"https:\/\/xdoc.pt\/web\/apps\/#breadcrumb","itemListElement":[{"@type":"ListItem","position":1,"name":"In\u00edcio","item":"https:\/\/xdoc.pt\/web\/"},{"@type":"ListItem","position":2,"name":"APPS"}]},{"@type":"WebSite","@id":"https:\/\/xdoc.pt\/web\/#website","url":"https:\/\/xdoc.pt\/web\/","name":"XDOC - Equipamentos Escrit\u00f3rio, Lda","description":"Concession\u00e1rio Xerox, especializado em impress\u00e3o digital para empresas de \u00e1rea gr\u00e1fica desde a mais pequena impressora de mesa at\u00e9 \u00e0 produ\u00e7\u00e3o de grandes volumes em equipamentos vocacionados para produ\u00e7\u00e3o com e sem acabamento.","potentialAction":[{"@type":"SearchAction","target":{"@type":"EntryPoint","urlTemplate":"https:\/\/xdoc.pt\/web\/?s={search_term_string}"},"query-input":{"@type":"PropertyValueSpecification","valueRequired":true,"valueName":"search_term_string"}}],"inLanguage":"pt-PT"}]}},"_links":{"self":[{"href":"https:\/\/xdoc.pt\/web\/wp-json\/wp\/v2\/pages\/1715","targetHints":{"allow":["GET"]}}],"collection":[{"href":"https:\/\/xdoc.pt\/web\/wp-json\/wp\/v2\/pages"}],"about":[{"href":"https:\/\/xdoc.pt\/web\/wp-json\/wp\/v2\/types\/page"}],"author":[{"embeddable":true,"href":"https:\/\/xdoc.pt\/web\/wp-json\/wp\/v2\/users\/2"}],"replies":[{"embeddable":true,"href":"https:\/\/xdoc.pt\/web\/wp-json\/wp\/v2\/comments?post=1715"}],"version-history":[{"count":13,"href":"https:\/\/xdoc.pt\/web\/wp-json\/wp\/v2\/pages\/1715\/revisions"}],"predecessor-version":[{"id":2662,"href":"https:\/\/xdoc.pt\/web\/wp-json\/wp\/v2\/pages\/1715\/revisions\/2662"}],"wp:attachment":[{"href":"https:\/\/xdoc.pt\/web\/wp-json\/wp\/v2\/media?parent=1715"}],"curies":[{"name":"wp","href":"https:\/\/api.w.org\/{rel}","templated":true}]}}