{"id":13,"date":"2015-06-22T13:52:43","date_gmt":"2015-06-22T13:52:43","guid":{"rendered":"https:\/\/xdoc.pt\/web\/?page_id=13"},"modified":"2025-02-10T15:31:29","modified_gmt":"2025-02-10T15:31:29","slug":"apoio-tecnico","status":"publish","type":"page","link":"https:\/\/xdoc.pt\/web\/apoio-tecnico\/","title":{"rendered":"APOIO T\u00c9CNICO"},"content":{"rendered":"<div class=\"centerText\">\n<div class=\"col-md-8\" style=\"width: 75%;\">\n<h1>APOIO T\u00c9CNICO<\/h1>\n<p style=\"font-weight: 300; margin-top: -30px;\"><span style=\"font-weight: 800;\">Precisa de apoio t\u00e9cnico e especializado?<\/span><\/p>\n<p><span style=\"color: #ed1c24; font-weight: 300; line-height: 25px;\">Ligue para: <\/span> + 351 253 607 960 | Chamada para a rede fixa nacional<br \/>\n<span style=\"color: #ed1c24; font-weight: 300;\">Envie email para: <\/span>helpdesk@xdoc.pt<\/p>\n<\/div>\n<\/div>\n<div class=\"centerText\">\n<div class=\"col-md-8\" style=\"width: 75%;\">\n<div style=\"margin-bottom: 25px; height: 50px;\">\n<div style=\"float: left;height: 48px;width: 48px;\"><img loading=\"lazy\" decoding=\"async\" class=\"aligncenter wp-image-1994 \" src=\"https:\/\/xdoc.pt\/web\/wp-content\/uploads\/2021\/03\/teamViewer-300x300.png\" alt=\"\" width=\"48\" height=\"48\" srcset=\"https:\/\/xdoc.pt\/web\/wp-content\/uploads\/2021\/03\/teamViewer-300x300.png 300w, https:\/\/xdoc.pt\/web\/wp-content\/uploads\/2021\/03\/teamViewer-150x150.png 150w, https:\/\/xdoc.pt\/web\/wp-content\/uploads\/2021\/03\/teamViewer-50x50.png 50w, https:\/\/xdoc.pt\/web\/wp-content\/uploads\/2021\/03\/teamViewer.png 512w\" sizes=\"auto, (max-width: 48px) 100vw, 48px\" \/><\/div>\n<div style=\"height: 48px; width: 170px; float: left; background-color: #e9e9e9; color: #000; font-weight: 600; padding: 0 20px; box-sizing: border-box; line-height: 48px;\"><span style=\"color: #000000;\"><a style=\"color: #000000 !important;\" href=\"https:\/\/xdoc.pt\/web\/wp-content\/uploads\/TeamViewerQS Xdoc.exe\" target=\"_blank\" rel=\"noopener\">TeamViewer&nbsp;<\/a><\/span><\/div>\n<div><\/div>\n<div><\/div>\n<div><\/div>\n<div style=\"float: left;height: 48px;width: 48px;\"><img loading=\"lazy\" decoding=\"async\" class=\"aligncenter wp-image-1988 \" src=\"https:\/\/xdoc.pt\/web\/wp-content\/uploads\/2025\/02\/supremo.png\" alt=\"\" width=\"48\" height=\"48\"><\/div>\n<div style=\"height: 48px; width: 170px; float: left; background-color: #e9e9e9; color: #000; font-weight: 600; padding: 0 20px; box-sizing: border-box; line-height: 48px;\"><span style=\"color: #000000;\"><a style=\"color: #000000 !important;\" href=\"https:\/\/xdoc.pt\/web\/wp-content\/uploads\/2025\/02\/Supremo.exe\" target=\"_blank\" rel=\"noopener\">Supremo<\/a><\/span><\/div>\n<\/div>\n<\/div>\n<\/div>\n<div class=\"centerText\">\n<div class=\"col-md-8\" style=\"width: 75%;\">\n<div style=\"margin-bottom: 25px; height: 50px;\">\n<div style=\"float: left;\">\n<div><\/div>\n<div style=\"float: left;\"><a href=\"https:\/\/appserver.ctt.pt\/PC_Common\/\" target=\"_blank\" rel=\"noopener\"><img loading=\"lazy\" decoding=\"async\" class=\"size-full wp-image-792 aligncenter\" src=\"https:\/\/xdoc.pt\/web\/wp-content\/uploads\/2018\/02\/reciclagem-e1517495056596.jpg\" alt=\"\" width=\"51\" height=\"48\"><\/a><\/div>\n<div style=\"height: 48px; width: 290px; float: left; background-color: #e9e9e9; color: #000; font-weight: 600; padding: 0px 20px; box-sizing: border-box; line-height: 48px; text-align: left;\"><span style=\"color: #000000;\"><a style=\"color: #000000 !important;\" href=\"https:\/\/appserver.ctt.pt\/PC_Common\/\" target=\"_blank\" rel=\"noopener\">Recolha de consum\u00edveis usados<\/a><\/span><\/div>\n<\/div>\n<div style=\"float: left;\">\n<div><\/div>\n<\/div>\n<\/div>\n<\/div>\n<div class=\"col-md-8\" style=\"width: 75%;\">\n<div style=\"margin-bottom: 25px; height: 50px;\">\n<div style=\"float: left;\">\n<div style=\"float: left;\"><a href=\"https:\/\/xdoc.pt\/web\/wp-content\/uploads\/2018\/02\/xda2-e1517497383231.png\" target=\"_blank\" rel=\"noopener\"><img loading=\"lazy\" decoding=\"async\" class=\"size-full wp-image-792 aligncenter\" src=\" https:\/\/xdoc.pt\/web\/wp-content\/uploads\/2018\/02\/xda2-e1517497383231.png\" alt=\"suport\" width=\"51\" height=\"48\"><\/a><\/div>\n<div style=\"height: 48px; width: 170px; float: left; background-color: #e9e9e9; color: #000000; font-weight: 600; padding: 0px 20px; box-sizing: border-box; line-height: 48px; text-align: left;\"><span style=\"color: #000000;\"><a style=\"color: #000000 !important;\" href=\"https:\/\/xdoc.pt\/web\/wp-content\/uploads\/2015\/06\/Guia-R\u00e1pido-de-Instala\u00e7\u00e3o_XDA.pdf\" target=\"_blank\" rel=\"noopener\"> Instala\u00e7\u00e3o XDA<\/a><\/span><\/div>\n<\/div>\n<\/div>\n<\/div>\n<div class=\"col-md-8\" style=\"width: 75%;\">\n<div style=\"margin-bottom: 25px; height: 50px;\">\n<div style=\"float: left;\">\n<div style=\"float: left;\">\n<div style=\"float: left;\"><a href=\"https:\/\/xdoc.pt\/web\/wp-content\/uploads\/2018\/02\/xer_managed_print-e1517496180836.jpg\" target=\"_blank\" rel=\"noopener\"><img loading=\"lazy\" decoding=\"async\" class=\"size-full wp-image-792 aligncenter\" src=\" https:\/\/xdoc.pt\/web\/wp-content\/uploads\/2018\/02\/xer_managed_print-e1517496180836.jpg\" alt=\"\" width=\"51\" height=\"48\"><\/a><\/div>\n<div style=\"height: 48px; width: 290px; float: left; background-color: #e9e9e9; color: #000; font-weight: 600; padding: 0px 20px; box-sizing: border-box; line-height: 48px; text-align: left;\"><span style=\"color: #000000;\"><a style=\"color: #000000 !important;\" href=\"https:\/\/xdoc.pt\/web\/wp-content\/uploads\/2018\/02\/MPS-Portal_UserGuide.pdf\" target=\"_blank\" rel=\"noopener\">MPS Portal e Guia Utilizador<\/a><\/span><\/div>\n<h2><\/h2>\n<\/div>\n<\/div>\n<\/div>\n<\/div>\n<h2><\/h2>\n<div class=\"col-md-8\" style=\"width: 75%;\">\n<div style=\"margin-bottom: 25px; height: 50px;\">\n<div style=\"float: left;\">\n<div style=\"float: left;\">\n<div>\n<h2 style=\"color: #ed1c24;font-weight: 300;\">Gostaria de ser contactado por n\u00f3s?<\/h2>\n<\/div>\n<div><\/div>\n<\/div>\n<div style=\"float: left;\">\n\n<div class=\"wpcf7 no-js\" id=\"wpcf7-f790-o1\" lang=\"pt-PT\" dir=\"ltr\" data-wpcf7-id=\"790\">\n<div class=\"screen-reader-response\"><p role=\"status\" aria-live=\"polite\" aria-atomic=\"true\"><\/p> <ul><\/ul><\/div>\n<form action=\"\/web\/wp-json\/wp\/v2\/pages\/13#wpcf7-f790-o1\" method=\"post\" class=\"wpcf7-form init\" aria-label=\"Formul\u00e1rio de contacto\" novalidate=\"novalidate\" data-status=\"init\">\n<div style=\"display: none;\">\n<input type=\"hidden\" name=\"_wpcf7\" value=\"790\" \/>\n<input type=\"hidden\" name=\"_wpcf7_version\" value=\"6.0.4\" \/>\n<input type=\"hidden\" name=\"_wpcf7_locale\" value=\"pt_PT\" \/>\n<input type=\"hidden\" name=\"_wpcf7_unit_tag\" value=\"wpcf7-f790-o1\" \/>\n<input type=\"hidden\" name=\"_wpcf7_container_post\" value=\"0\" \/>\n<input type=\"hidden\" name=\"_wpcf7_posted_data_hash\" value=\"\" \/>\n<input type=\"hidden\" name=\"_wpcf7_recaptcha_response\" value=\"\" \/>\n<\/div>\n<div class=\"nome\">\n\t<p>Nome:\n\t<\/p>\n\t<p><span class=\"wpcf7-form-control-wrap\" data-name=\"your-name\"><input size=\"40\" maxlength=\"400\" class=\"wpcf7-form-control wpcf7-text wpcf7-validates-as-required\" aria-required=\"true\" aria-invalid=\"false\" value=\"\" type=\"text\" name=\"your-name\" \/><\/span>\n\t<\/p>\n<\/div>\n<div class=\"telefone\">\n\t<p>Telefone:\n\t<\/p>\n\t<p><span class=\"wpcf7-form-control-wrap\" data-name=\"tel-831\"><input size=\"40\" maxlength=\"400\" class=\"wpcf7-form-control wpcf7-tel wpcf7-text wpcf7-validates-as-tel\" aria-invalid=\"false\" value=\"\" type=\"tel\" name=\"tel-831\" \/><\/span>\n\t<\/p>\n<\/div>\n<div class=\"email\">\n\t<p>Email:\n\t<\/p>\n\t<p><span class=\"wpcf7-form-control-wrap\" data-name=\"your-email\"><input size=\"40\" maxlength=\"400\" class=\"wpcf7-form-control wpcf7-email wpcf7-validates-as-required wpcf7-text wpcf7-validates-as-email\" aria-required=\"true\" aria-invalid=\"false\" value=\"\" type=\"email\" name=\"your-email\" \/><\/span>\n\t<\/p>\n<\/div>\n<div class=\"assunto\">\n\t<p>Assunto:\n\t<\/p>\n\t<p><span class=\"wpcf7-form-control-wrap\" data-name=\"your-subject\"><input size=\"40\" maxlength=\"400\" class=\"wpcf7-form-control wpcf7-text wpcf7-validates-as-required\" aria-required=\"true\" aria-invalid=\"false\" value=\"\" type=\"text\" name=\"your-subject\" \/><\/span>\n\t<\/p>\n<\/div>\n<div class=\"email\">\n\t<p>Endere\u00e7o IP:\n\t<\/p>\n\t<p><span class=\"wpcf7-form-control-wrap\" data-name=\"EndereoIP\"><input size=\"40\" maxlength=\"400\" class=\"wpcf7-form-control wpcf7-text\" aria-invalid=\"false\" value=\"\" type=\"text\" name=\"EndereoIP\" \/><\/span>\n\t<\/p>\n<\/div>\n<div class=\"assunto\">\n\t<p>N\u00ba de s\u00e9rie:\n\t<\/p>\n\t<p><span class=\"wpcf7-form-control-wrap\" data-name=\"Ndesrie\"><input size=\"40\" maxlength=\"400\" class=\"wpcf7-form-control wpcf7-text\" aria-invalid=\"false\" value=\"\" type=\"text\" name=\"Ndesrie\" \/><\/span>\n\t<\/p>\n<\/div>\n<p>Mensagem:\n<\/p>\n<p><span class=\"wpcf7-form-control-wrap\" data-name=\"your-message\"><textarea cols=\"40\" rows=\"10\" maxlength=\"2000\" class=\"wpcf7-form-control wpcf7-textarea\" aria-invalid=\"false\" name=\"your-message\"><\/textarea><\/span>\n<\/p>\n<p>Dever\u00e1 solucionar o seguinte c\u00e1lculo para enviar a sua mensagem<br \/>\n<span class=\"wpcf7-form-control-wrap\" data-name=\"quiz-144\"><label><span class=\"wpcf7-quiz-label\">3+2<\/span> <input size=\"40\" class=\"wpcf7-form-control wpcf7-quiz\" autocomplete=\"off\" aria-required=\"true\" aria-invalid=\"false\" type=\"text\" name=\"quiz-144\" \/><\/label><input type=\"hidden\" name=\"_wpcf7_quiz_answer_quiz-144\" value=\"202eff84cab11e2078248272d53c6175\" \/><\/span>\n<\/p>\n<p><input class=\"wpcf7-form-control wpcf7-submit has-spinner\" type=\"submit\" value=\"Enviar&nbsp;&nbsp;&nbsp;&nbsp;&nbsp;&nbsp;&gt;\" \/>\n<\/p><p style=\"display: none !important;\" class=\"akismet-fields-container\" data-prefix=\"_wpcf7_ak_\"><label>&#916;<textarea name=\"_wpcf7_ak_hp_textarea\" cols=\"45\" rows=\"8\" maxlength=\"100\"><\/textarea><\/label><input type=\"hidden\" id=\"ak_js_1\" name=\"_wpcf7_ak_js\" value=\"60\"\/><script>document.getElementById( \"ak_js_1\" ).setAttribute( \"value\", ( new Date() ).getTime() );<\/script><\/p><div class=\"wpcf7-response-output\" aria-hidden=\"true\"><\/div>\n<\/form>\n<\/div>\n\n<\/div>\n<\/div>\n<\/div>\n<\/div>\n<\/div>\n","protected":false},"excerpt":{"rendered":"<p>APOIO T\u00c9CNICO<br \/>\nPrecisa de apoio t\u00e9cnico e especializado?<br \/>\nLigue para:  + 351 253 607 960 | Chamada para a rede fixa nacional<br \/>\nEnvie email para: helpdesk@xdoc.pt<\/p>\n<p><img loading=\"lazy\" decoding=\"async\" class=\"aligncenter wp-image-1994 \" src=\"https:\/\/xdoc.pt\/web\/wp-content\/uploads\/2021\/03\/teamViewer-300x300.png\" alt=\"\" width=\"48\" height=\"48\" srcset=\"https:\/\/xdoc.pt\/web\/wp-content\/uploads\/2021\/03\/teamViewer-300x300.png 300w, https:\/\/xdoc.pt\/web\/wp-content\/uploads\/2021\/03\/teamViewer-150x150.png 150w, https:\/\/xdoc.pt\/web\/wp-content\/uploads\/2021\/03\/teamViewer-50x50.png 50w, https:\/\/xdoc.pt\/web\/wp-content\/uploads\/2021\/03\/teamViewer.png 512w\" sizes=\"auto, (max-width: 48px) 100vw, 48px\" \/><br \/>\nTeamViewer&nbsp;<\/p>\n<p><img loading=\"lazy\" decoding=\"async\" class=\"aligncenter wp-image-1988 \" src=\"https:\/\/xdoc.pt\/web\/wp-content\/uploads\/2025\/02\/supremo.png\" alt=\"\" width=\"48\" height=\"48\"><br \/>\nSupremo<\/p>\n<p><img loading=\"lazy\" decoding=\"async\" class=\"size-full wp-image-792 aligncenter\" src=\"https:\/\/xdoc.pt\/web\/wp-content\/uploads\/2018\/02\/reciclagem-e1517495056596.jpg\" alt=\"\" width=\"51\" height=\"48\"><br \/>\nRecolha de consum\u00edveis usados<\/p>\n<p><img loading=\"lazy\" decoding=\"async\" class=\"size-full wp-image-792 aligncenter\" src=\" https:\/\/xdoc.pt\/web\/wp-content\/uploads\/2018\/02\/xda2-e1517497383231.png\" alt=\"suport\" width=\"51\" height=\"48\"><br \/>\n Instala\u00e7\u00e3o XDA<\/p>\n<p><img loading=\"lazy\" decoding=\"async\" class=\"size-full wp-image-792 aligncenter\" src=\" https:\/\/xdoc.pt\/web\/wp-content\/uploads\/2018\/02\/xer_managed_print-e1517496180836.jpg\" alt=\"\" width=\"51\" height=\"48\"><br \/>\nMPS Portal e Guia Utilizador<\/p>\n<p>Gostaria de ser contactado por n\u00f3s?<\/p>\n<p>\tNome:<\/p>\n<p>\tTelefone:<\/p>\n<p>\tEmail:<\/p>\n<p>\tAssunto:<\/p>\n<p>\tEndere\u00e7o IP:<\/p>\n<p>\tN\u00ba de s\u00e9rie:<\/p>\n<p>Mensagem:<\/p>\n<p>Dever\u00e1 solucionar o seguinte c\u00e1lculo para enviar a sua mensagem<br \/>\n3+2 <\/p>\n<p>&#916;<\/p>\n","protected":false},"author":2,"featured_media":0,"parent":0,"menu_order":0,"comment_status":"closed","ping_status":"closed","template":"","meta":{"_monsterinsights_skip_tracking":false,"_monsterinsights_sitenote_active":false,"_monsterinsights_sitenote_note":"","_monsterinsights_sitenote_category":0,"footnotes":""},"class_list":["post-13","page","type-page","status-publish","hentry"],"yoast_head":"<!-- This site is optimized with the Yoast SEO plugin v24.6 - https:\/\/yoast.com\/wordpress\/plugins\/seo\/ -->\n<title>APOIO T\u00c9CNICO - XDOC - Equipamentos Escrit\u00f3rio, Lda<\/title>\n<meta name=\"description\" content=\"Precisa de apoio t\u00e9cnico especializado? Na XDOC ajudamos em tudo o que necessita. Ligue: 253 607 960 ou envie email: helpdesk@xdoc.pt\" \/>\n<meta name=\"robots\" content=\"index, follow, max-snippet:-1, max-image-preview:large, max-video-preview:-1\" \/>\n<link rel=\"canonical\" href=\"https:\/\/xdoc.pt\/web\/apoio-tecnico\/\" \/>\n<meta property=\"og:locale\" content=\"pt_PT\" \/>\n<meta property=\"og:type\" content=\"article\" \/>\n<meta property=\"og:title\" content=\"APOIO T\u00c9CNICO - XDOC - Equipamentos Escrit\u00f3rio, Lda\" \/>\n<meta property=\"og:description\" content=\"Precisa de apoio t\u00e9cnico especializado? Na XDOC ajudamos em tudo o que necessita. Ligue: 253 607 960 ou envie email: helpdesk@xdoc.pt\" \/>\n<meta property=\"og:url\" content=\"https:\/\/xdoc.pt\/web\/apoio-tecnico\/\" \/>\n<meta property=\"og:site_name\" content=\"XDOC - Equipamentos Escrit\u00f3rio, Lda\" \/>\n<meta property=\"article:publisher\" content=\"https:\/\/www.facebook.com\/xdoc.pt\" \/>\n<meta property=\"article:modified_time\" content=\"2025-02-10T15:31:29+00:00\" \/>\n<meta property=\"og:image\" content=\"https:\/\/xdoc.pt\/web\/wp-content\/uploads\/2021\/03\/teamViewer-300x300.png\" \/>\n<meta name=\"twitter:card\" content=\"summary_large_image\" \/>\n<meta name=\"twitter:label1\" content=\"Tempo estimado de leitura\" \/>\n\t<meta name=\"twitter:data1\" content=\"2 minutos\" \/>\n<script type=\"application\/ld+json\" class=\"yoast-schema-graph\">{\"@context\":\"https:\/\/schema.org\",\"@graph\":[{\"@type\":\"WebPage\",\"@id\":\"https:\/\/xdoc.pt\/web\/apoio-tecnico\/\",\"url\":\"https:\/\/xdoc.pt\/web\/apoio-tecnico\/\",\"name\":\"APOIO T\u00c9CNICO - XDOC - Equipamentos Escrit\u00f3rio, Lda\",\"isPartOf\":{\"@id\":\"https:\/\/xdoc.pt\/web\/#website\"},\"primaryImageOfPage\":{\"@id\":\"https:\/\/xdoc.pt\/web\/apoio-tecnico\/#primaryimage\"},\"image\":{\"@id\":\"https:\/\/xdoc.pt\/web\/apoio-tecnico\/#primaryimage\"},\"thumbnailUrl\":\"https:\/\/xdoc.pt\/web\/wp-content\/uploads\/2021\/03\/teamViewer-300x300.png\",\"datePublished\":\"2015-06-22T13:52:43+00:00\",\"dateModified\":\"2025-02-10T15:31:29+00:00\",\"description\":\"Precisa de apoio t\u00e9cnico especializado? Na XDOC ajudamos em tudo o que necessita. Ligue: 253 607 960 ou envie email: helpdesk@xdoc.pt\",\"breadcrumb\":{\"@id\":\"https:\/\/xdoc.pt\/web\/apoio-tecnico\/#breadcrumb\"},\"inLanguage\":\"pt-PT\",\"potentialAction\":[{\"@type\":\"ReadAction\",\"target\":[\"https:\/\/xdoc.pt\/web\/apoio-tecnico\/\"]}]},{\"@type\":\"ImageObject\",\"inLanguage\":\"pt-PT\",\"@id\":\"https:\/\/xdoc.pt\/web\/apoio-tecnico\/#primaryimage\",\"url\":\"https:\/\/xdoc.pt\/web\/wp-content\/uploads\/2021\/03\/teamViewer.png\",\"contentUrl\":\"https:\/\/xdoc.pt\/web\/wp-content\/uploads\/2021\/03\/teamViewer.png\",\"width\":512,\"height\":512,\"caption\":\"apoio t\u00c3\u00a9cnico\"},{\"@type\":\"BreadcrumbList\",\"@id\":\"https:\/\/xdoc.pt\/web\/apoio-tecnico\/#breadcrumb\",\"itemListElement\":[{\"@type\":\"ListItem\",\"position\":1,\"name\":\"In\u00edcio\",\"item\":\"https:\/\/xdoc.pt\/web\/\"},{\"@type\":\"ListItem\",\"position\":2,\"name\":\"APOIO T\u00c9CNICO\"}]},{\"@type\":\"WebSite\",\"@id\":\"https:\/\/xdoc.pt\/web\/#website\",\"url\":\"https:\/\/xdoc.pt\/web\/\",\"name\":\"XDOC - Equipamentos Escrit\u00f3rio, Lda\",\"description\":\"Concession\u00e1rio Xerox, especializado em impress\u00e3o digital para empresas de \u00e1rea gr\u00e1fica desde a mais pequena impressora de mesa at\u00e9 \u00e0 produ\u00e7\u00e3o de grandes volumes em equipamentos vocacionados para produ\u00e7\u00e3o com e sem acabamento.\",\"potentialAction\":[{\"@type\":\"SearchAction\",\"target\":{\"@type\":\"EntryPoint\",\"urlTemplate\":\"https:\/\/xdoc.pt\/web\/?s={search_term_string}\"},\"query-input\":{\"@type\":\"PropertyValueSpecification\",\"valueRequired\":true,\"valueName\":\"search_term_string\"}}],\"inLanguage\":\"pt-PT\"}]}<\/script>\n<!-- \/ Yoast SEO plugin. -->","yoast_head_json":{"title":"APOIO T\u00c9CNICO - XDOC - Equipamentos Escrit\u00f3rio, Lda","description":"Precisa de apoio t\u00e9cnico especializado? Na XDOC ajudamos em tudo o que necessita. Ligue: 253 607 960 ou envie email: helpdesk@xdoc.pt","robots":{"index":"index","follow":"follow","max-snippet":"max-snippet:-1","max-image-preview":"max-image-preview:large","max-video-preview":"max-video-preview:-1"},"canonical":"https:\/\/xdoc.pt\/web\/apoio-tecnico\/","og_locale":"pt_PT","og_type":"article","og_title":"APOIO T\u00c9CNICO - XDOC - Equipamentos Escrit\u00f3rio, Lda","og_description":"Precisa de apoio t\u00e9cnico especializado? Na XDOC ajudamos em tudo o que necessita. Ligue: 253 607 960 ou envie email: helpdesk@xdoc.pt","og_url":"https:\/\/xdoc.pt\/web\/apoio-tecnico\/","og_site_name":"XDOC - Equipamentos Escrit\u00f3rio, Lda","article_publisher":"https:\/\/www.facebook.com\/xdoc.pt","article_modified_time":"2025-02-10T15:31:29+00:00","og_image":[{"url":"https:\/\/xdoc.pt\/web\/wp-content\/uploads\/2021\/03\/teamViewer-300x300.png","type":"","width":"","height":""}],"twitter_card":"summary_large_image","twitter_misc":{"Tempo estimado de leitura":"2 minutos"},"schema":{"@context":"https:\/\/schema.org","@graph":[{"@type":"WebPage","@id":"https:\/\/xdoc.pt\/web\/apoio-tecnico\/","url":"https:\/\/xdoc.pt\/web\/apoio-tecnico\/","name":"APOIO T\u00c9CNICO - XDOC - Equipamentos Escrit\u00f3rio, Lda","isPartOf":{"@id":"https:\/\/xdoc.pt\/web\/#website"},"primaryImageOfPage":{"@id":"https:\/\/xdoc.pt\/web\/apoio-tecnico\/#primaryimage"},"image":{"@id":"https:\/\/xdoc.pt\/web\/apoio-tecnico\/#primaryimage"},"thumbnailUrl":"https:\/\/xdoc.pt\/web\/wp-content\/uploads\/2021\/03\/teamViewer-300x300.png","datePublished":"2015-06-22T13:52:43+00:00","dateModified":"2025-02-10T15:31:29+00:00","description":"Precisa de apoio t\u00e9cnico especializado? Na XDOC ajudamos em tudo o que necessita. Ligue: 253 607 960 ou envie email: helpdesk@xdoc.pt","breadcrumb":{"@id":"https:\/\/xdoc.pt\/web\/apoio-tecnico\/#breadcrumb"},"inLanguage":"pt-PT","potentialAction":[{"@type":"ReadAction","target":["https:\/\/xdoc.pt\/web\/apoio-tecnico\/"]}]},{"@type":"ImageObject","inLanguage":"pt-PT","@id":"https:\/\/xdoc.pt\/web\/apoio-tecnico\/#primaryimage","url":"https:\/\/xdoc.pt\/web\/wp-content\/uploads\/2021\/03\/teamViewer.png","contentUrl":"https:\/\/xdoc.pt\/web\/wp-content\/uploads\/2021\/03\/teamViewer.png","width":512,"height":512,"caption":"apoio t\u00c3\u00a9cnico"},{"@type":"BreadcrumbList","@id":"https:\/\/xdoc.pt\/web\/apoio-tecnico\/#breadcrumb","itemListElement":[{"@type":"ListItem","position":1,"name":"In\u00edcio","item":"https:\/\/xdoc.pt\/web\/"},{"@type":"ListItem","position":2,"name":"APOIO T\u00c9CNICO"}]},{"@type":"WebSite","@id":"https:\/\/xdoc.pt\/web\/#website","url":"https:\/\/xdoc.pt\/web\/","name":"XDOC - Equipamentos Escrit\u00f3rio, Lda","description":"Concession\u00e1rio Xerox, especializado em impress\u00e3o digital para empresas de \u00e1rea gr\u00e1fica desde a mais pequena impressora de mesa at\u00e9 \u00e0 produ\u00e7\u00e3o de grandes volumes em equipamentos vocacionados para produ\u00e7\u00e3o com e sem acabamento.","potentialAction":[{"@type":"SearchAction","target":{"@type":"EntryPoint","urlTemplate":"https:\/\/xdoc.pt\/web\/?s={search_term_string}"},"query-input":{"@type":"PropertyValueSpecification","valueRequired":true,"valueName":"search_term_string"}}],"inLanguage":"pt-PT"}]}},"_links":{"self":[{"href":"https:\/\/xdoc.pt\/web\/wp-json\/wp\/v2\/pages\/13","targetHints":{"allow":["GET"]}}],"collection":[{"href":"https:\/\/xdoc.pt\/web\/wp-json\/wp\/v2\/pages"}],"about":[{"href":"https:\/\/xdoc.pt\/web\/wp-json\/wp\/v2\/types\/page"}],"author":[{"embeddable":true,"href":"https:\/\/xdoc.pt\/web\/wp-json\/wp\/v2\/users\/2"}],"replies":[{"embeddable":true,"href":"https:\/\/xdoc.pt\/web\/wp-json\/wp\/v2\/comments?post=13"}],"version-history":[{"count":110,"href":"https:\/\/xdoc.pt\/web\/wp-json\/wp\/v2\/pages\/13\/revisions"}],"predecessor-version":[{"id":2868,"href":"https:\/\/xdoc.pt\/web\/wp-json\/wp\/v2\/pages\/13\/revisions\/2868"}],"wp:attachment":[{"href":"https:\/\/xdoc.pt\/web\/wp-json\/wp\/v2\/media?parent=13"}],"curies":[{"name":"wp","href":"https:\/\/api.w.org\/{rel}","templated":true}]}}